Calculate the greatest common divisor of g and 18.
18
Suppose 0 = -g + 2*g + j - 8, -g - 3*j + 10 = 0. Let r = 1 + g. Suppose 0 = p + k - 0*k - 21, 4*k = -12. What is the highest common factor of r and p?
8
Let s(k) = k - 3*k + k + k**2 - 8. Let q be s(6). Let g be (55/20)/((-2)/(-16)). What is the greatest common divisor of g and q?
22
Let m be -2 + (0 - -2) + 2. Suppose -3*t = -4*t + 2. What is the highest common factor of t and m?
2
Let n be (-30)/(-24) + (-3)/12. Let d = n + 27. What is the greatest common factor of d and 14?
14
Let l = 12 - -5. Let b be 4/(-22) - 24690/(-33). Suppose -r + b = 3*r. Calculate the greatest common divisor of r and l.
17
Suppose -7*j + 2*j = -60. Calculate the greatest common factor of 84 and j.
12
Let d = -16 + 44. Suppose 2*a = -4*f - 2*a + 96, -a - d = -f. Calculate the greatest common divisor of f and 26.
26
Let o be (-10)/3*-4*3. Let s = o + -28. Calculate the greatest common divisor of s and 24.
12
Suppose 0 = -4*a + 195 + 157. Let w = -36 + 47. What is the greatest common divisor of a and w?
11
Let h be (-20)/6*(-48)/40. Let s = h + 22. What is the greatest common divisor of s and 13?
13
Suppose 5*k + 5*y - 2*y = 855, -4*y = 0. What is the greatest common divisor of k and 19?
19
Suppose -m + 13 = -28. Suppose 1 = -4*p + m. Let c be (3/1)/((-6)/(-4)). What is the greatest common divisor of c and p?
2
Suppose -4*p = -0*p - 52. What is the highest common factor of p and 13?
13
Suppose -6*p - 2 = -122. Calculate the greatest common divisor of p and 8.
4
Suppose -w = 2, -2*w - 36 = c - 5*c. Calculate the highest common factor of 72 and c.
8
Suppose 0 = -0*i + 5*i - 5*a + 95, 3*i = 5*a - 59. Let z be (-497)/(-9) - (-4)/i. What is the highest common divisor of z and 11?
11
Suppose 6*x = x + 500. What is the greatest common factor of x and 40?
20
Let l be 2*6/(-4) + -5. Let w = 17 + l. Calculate the greatest common divisor of w and 99.
9
Let a(u) = -13*u + 2. Let t be a(-1). Calculate the highest common divisor of t and 5.
5
Suppose 5*n - 127 = 23. What is the greatest common factor of 20 and n?
10
Let f be 36/10 - 38/(-95). Let q(o) = 4*o**2 + 2*o. Let n be q(2). Calculate the greatest common divisor of n and f.
4
Suppose -2*z - 3*w = -3, -4*w - 1 = 2*z - 5. Let p = z - 1. Let f be (-1)/((-3)/(-450)*p). Calculate the greatest common factor of 15 and f.
15
Let c = -138 - -178. Let g = -25 + 35. What is the greatest common factor of g and c?
10
Suppose -68 = -5*g - d, -33 = -3*g - 5*d - 1. Let x(f) = -5*f - 8. Let t be x(-10). Calculate the highest common factor of g and t.
14
Let c(b) = b**2 - 3. Let s be c(-3). Let v = 14 - 12. Calculate the greatest common factor of v and s.
2
Let u(w) = 4*w**2 + 2 + 3 - 5*w**2 + 12*w. Let c be u(11). Calculate the highest common factor of 4 and c.
4
Suppose n + 195 = 4*n. Suppose 2*w - n = -5*g + 4*g, 4*g - 247 = 5*w. What is the highest common factor of g and 42?
21
Let o be 18/(-2)*(-6)/2. What is the greatest common factor of o and 6?
3
Suppose 4*y = -12, 0 = m - 4*y - 7 - 9. Suppose 27 = m*g - 21. What is the highest common divisor of 24 and g?
12
Let g be (1/2 - 0)*0. Suppose g = a - 18 - 6. Suppose q - a = -q. Calculate the highest common factor of q and 8.
4
Let t(o) = o**3 + 13*o**2 + 4*o + 4. Let a be t(-12). Calculate the highest common factor of a and 20.
20
Suppose -33 = -3*b - 12. Calculate the greatest common divisor of 56 and b.
7
Suppose 5*x = -2*t - 3*t - 15, -3*x + 3*t = -3. Let h be x - (3 + -1)/(-2). Suppose h*n = n - 70. Calculate the highest common divisor of 28 and n.
14
Let p be 2/(6/51) + 0. Suppose n = -2*u + 29, -u - 6*n + 5*n + p = 0. Calculate the highest common factor of u and 12.
12
Suppose -20 = -5*z, 5*n + 5*z - 114 = -4. Calculate the highest common factor of n and 18.
18
Suppose -6*w + 205 - 43 = 0. What is the highest common divisor of 297 and w?
27
Suppose -5*w = 2*f + 2 - 5, -24 = -5*f + 4*w. Suppose -3*v = 3, 3*y + 5*v + 0 = 43. What is the highest common factor of f and y?
4
Let o = 60 + -54. Let g(t) be the second derivative of -t**5/20 - t**4/3 + t**3/2 + 5*t**2/2 + t. Let f be g(-5). What is the greatest common factor of o and f?
3
Let k = 66 - 42. Let z be (2 + -1 + 0)/(1/8). Calculate the greatest common factor of z and k.
8
Suppose -r - 1 = -11. Let t = 15 - r. Suppose 5*n - 60 = -t*b, 2*n - 40 = -n + b. Calculate the highest common factor of 104 and n.
13
Let o(i) = 31*i**3 + 2*i**2 - i. Let w be o(1). Calculate the highest common divisor of w and 24.
8
Let f(s) = s**3 - 5*s**2 - 6*s + 9. Let l be f(6). What is the highest common factor of 9 and l?
9
Suppose u - k - 30 = 0, -u = -5*k - 26 + 4. Suppose -s + 3*s = u. What is the greatest common factor of s and 64?
16
Let t(q) = -18*q. Let x be 2/((2 - 1)*-1). Let v be t(x). Calculate the greatest common divisor of 9 and v.
9
Let h = 11 + 3. What is the greatest common factor of h and 70?
14
Let v be 30/3 - (1 - 4). What is the highest common divisor of v and 65?
13
Let u(z) = 687*z**2 - z - 1. Let s be 10/(-8) - (-3)/12. Let l be u(s). Let o be l/33 + (-2)/(-11). What is the greatest common divisor of o and 168?
21
Suppose -62 = -2*t - 2*g, -2*g = -4*t + 7*t - 94. Let q(x) = -x**3 + 7*x**2 - 6*x + 8. Let o be q(6). What is the highest common factor of o and t?
8
Let t(a) = 97*a**2 + 1. Suppose 0 = 7*r - 3*r - 4. Let s be t(r). Calculate the greatest common factor of 14 and s.
14
Let g = -18 - -21. What is the greatest common divisor of 2 and g?
1
Let j(o) = -o**3 + 3*o**2 + 6*o - 4. Let n be j(4). Suppose -n - 6 = -l. What is the greatest common factor of 40 and l?
10
Let o be (7 + 3)*2/(-2). Let a(t) = 5*t - 2 - 5*t - t. Let x be a(o). Calculate the greatest common divisor of 24 and x.
8
Suppose 0*a + 169 = -5*r + 2*a, 2*r + 2*a = -76. Let f be 215/2 - 1/2. Let b = r + f. What is the highest common factor of 12 and b?
12
Suppose 31 = 3*z - 44. Let g(i) = -10*i + 2. Let n be g(2). Let c = z + n. Calculate the highest common factor of c and 7.
7
Suppose -3*j + 50 = -10. Let a be j + -1 - (1 - 3). What is the greatest common factor of 21 and a?
21
Let p be (-598)/(-4) - (-15)/10. Let u be 97/(-1)*-1 - 1. Let i = p - u. Calculate the highest common factor of 22 and i.
11
Suppose -5*q + 25 = -0*q. Let m(r) = -9*r**2 - r**3 + 7 - q - r**2 - 9*r. Let o be m(-9). What is the highest common divisor of 6 and o?
2
Suppose -2*i - 11*v + 53 = -8*v, 4*v - 20 = 0. Calculate the highest common divisor of 95 and i.
19
Let g = -2 - -10. Suppose i + g = 5*i. Let t be 1 - (-17)/i*4. What is the greatest common divisor of t and 5?
5
Let b(x) = -2*x + 45. Let t be b(5). Calculate the greatest common factor of t and 5.
5
Let g = 17 - 8. Calculate the greatest common factor of 81 and g.
9
Let q be ((-18)/(-4) - 1)*2. Suppose 4*t + q + 21 = 0. Let j = 48 - t. What is the highest common factor of 22 and j?
11
Let j be 10/3 - (-2)/3. Let s be (3 - 4) + j - -8. Calculate the highest common divisor of s and 11.
11
Suppose 0*b + 70 = -5*o - 5*b, 5*b + 25 = 0. Let k be (-1)/3 + (-723)/o. Let y = 13 - 3. What is the highest common divisor of y and k?
10
Suppose 0 = d + 16 - 72. Let r be (-3 + 1 - -23)*(-2)/(-3). Calculate the greatest common factor of d and r.
14
Let b be 102/4*(-2)/((-1)/1). What is the highest common divisor of b and 34?
17
Let z(u) = 10*u - 10. Let s be z(10). Suppose 3*i - 50 = -2*i. Calculate the highest common factor of s and i.
10
Let h = 5 - 2. Suppose 0 = 4*g + 3*w - 186, 2*g - 9 - 75 = h*w. Let n be 3/(g/6)*20. Calculate the greatest common factor of 4 and n.
4
Let m be 2/(-7) - (-24)/(-14). Let t be (-330)/(-70) - m/7. Suppose 0 = t*v - 10, -5*b + 2*v - 4*v + 184 = 0. Calculate the highest common divisor of b and 18.
18
Let b = 140 + -84. What is the highest common divisor of b and 14?
14
Let r(y) = 3*y**2 + y + 1. Let z be r(6). What is the highest common factor of z and 23?
23
Let r = 2381 + -1569. Let c be r/21 + (-1)/(-3). What is the greatest common divisor of c and 13?
13
Suppose -2*f - 200 = -4*f. Let n = 109 - 84. Calculate the highest common factor of n and f.
25
Let a be (1*-2)/(6/15). Let o(q) = -7*q - 3. Let h be o(a). Let u = -14 + h. What is the highest common divisor of 18 and u?
18
Let q be 42/(-4)*(-10)/15. Let n = 8 - q. Calculate the greatest common factor of 